ors of 195708554?
2, 97854277
What are the prime factors of 631310908?
2, 31, 173, 29429
List the prime factors of 19164374.
2, 9582187
What are the prime factors of 749366752?
2, 23417711
What are the prime factors of 529931067?
3, 176643689
List the prime factors of 73008042.
2, 3, 12168007
List the prime factors of 76077413.
337, 225749
List the prime factors of 385936329.
3, 17, 31, 244109
List the prime factors of 104082792.
2, 3, 11, 109, 3617
What are the prime factors of 674150559?
3, 29, 137, 163, 347
What are the prime factors of 357449352?
2, 3, 13, 269, 4259
List the prime factors of 1808014636.
2, 23, 43, 269, 1699
List the prime factors of 276685304.
2, 7, 4940809
List the prime factors of 42658601.
42658601
What are the prime factors of 260054266?
2, 139, 935447
List the prime factors of 1984758238.
2, 79, 653, 19237
What are the prime factors of 661706419?
11, 17, 383, 9239
List the prime factors of 104690336.
2, 163, 20071
What are the prime factors of 3343256112?
2, 3, 7, 19, 41, 53, 241
List the prime factors of 1364137535.
5, 272827507
List the prime factors of 371723971.
2521, 147451
What are the prime factors of 280672489?
280672489
List the prime factors of 5939440050.
2, 3, 5, 39596267
What are the prime factors of 46586444?
2, 449, 25939
List the prime factors of 1160544249.
3, 1973, 65357
List the prime factors of 3309403108.
2, 11, 1367, 55021
List the prime factors of 108215676.
2, 3, 17, 37, 59
What are the prime factors of 1019705585?
5, 19, 61, 175963
List the prime factors of 70328550.
2, 3, 5, 397, 1181
What are the prime factors of 811652997?
3, 270550999
What are the prime factors of 795823393?
795823393
What are the prime factors of 53192933?
53192933
What are the prime factors of 2983997597?
7, 31, 13751141
What are the prime factors of 2422856583?
3, 7, 41, 191, 1637
List the prime factors of 164483923.
31, 41, 127, 1019
List the prime factors of 3822834975.
3, 5, 50971133
What are the prime factors of 54939027?
3, 11, 13, 9851
List the prime factors of 53344879.
7, 1088671
List the prime factors of 169995975.
3, 5, 353, 6421
What are the prime factors of 1117028577?
3, 7, 53191837
List the prime factors of 386053938.
2, 3, 2383049
List the prime factors of 313926721.
19, 16522459
What are the prime factors of 3706190877?
3, 37, 2129, 15683
What are the prime factors of 3109697?
3109697
List the prime factors of 75107409.
3, 13, 61, 131, 241
List the prime factors of 1128076000.
2, 5, 282019
List the prime factors of 24860442.
2, 3, 73, 211, 269
List the prime factors of 2790686681.
31, 617, 145903
What are the prime factors of 246473339?
7, 19, 1853183
List the prime factors of 605671553.
1553, 390001
What are the prime factors of 367006160?
2, 5, 1249, 3673
What are the prime factors of 60300249?
3, 20100083
List the prime factors of 30585090.
2, 3, 5, 1019503
What are the prime factors of 6083991461?
29, 7229, 29021
What are the prime factors of 2270265414?
2, 3, 378377569
List the prime factors of 957594167.
19, 23, 2191291
What are the prime factors of 35822110?
2, 5, 41, 2131
List the prime factors of 73657530.
2, 3, 5, 71, 11527
List the prime factors of 42170259.
3, 251, 56003
What are the prime factors of 1130783389?
18353, 61613
List the prime factors of 637720733.
13, 1889, 25969
List the prime factors of 2561492510.
2, 5, 17, 383, 39341
List the prime factors of 127164090.
2, 3, 5, 89, 97, 491
List the prime factors of 1815808761.
3, 13, 23, 674771
List the prime factors of 57366512.
2, 7, 257, 1993
List the prime factors of 2539270863.
3, 23, 53, 25717
What are the prime factors of 54877271?
79, 694649
What are the prime factors of 61839533?
7, 8834219
List the prime factors of 19074847.
11, 373, 4649
What are the prime factors of 546963605?
5, 197, 555293
What are the prime factors of 162746942?
2, 23, 37, 95621
List the prime factors of 31815298.
2, 73, 359, 607
What are the prime factors of 51390049?
51390049
What are the prime factors of 376165911?
3, 11, 11398967
What are the prime factors of 192490918?
2, 96245459
What are the prime factors of 322274577?
3, 107424859
What are the prime factors of 28543510?
2, 5, 17, 19, 8837
List the prime factors of 1324758280.
2, 5, 19, 29, 60107
What are the prime factors of 257780984?
2, 103, 312841
List the prime factors of 930167309.
37, 25139657
List the prime factors of 94692781.
94692781
What are the prime factors of 620080754?
2, 12119, 25583
List the prime factors of 70706558.
2, 13, 53, 3947
List the prime factors of 1192827171.
3, 283, 1404979
List the prime factors of 35392568.
2, 1607, 2753
List the prime factors of 1239893297.
103, 12037799
What are the prime factors of 1728102549?
3, 2677, 215179
What are the prime factors of 41236481?
11, 13, 457, 631
List the prime factors of 508548878.
2, 199, 1277761
What are the prime factors of 1075019530?
2, 5, 13, 59, 140159
What are the prime factors of 431020664?
2, 97, 555439
What are the prime factors of 4313108424?
2, 3, 179712851
What are the prime factors of 466706744?
2, 7, 29, 89, 3229
List the prime factors of 1304124417.
3, 17, 8523689
List the prime factors of 3679588.
2, 11, 241, 347
List the prime factors of 58592114.
2, 7, 139, 30109
List the prime factors of 2317037465.
5, 101, 4588193
What are the prime factors of 408930487?
7, 223, 241, 1087
What are the prime factors of 3507744571?
1601, 2190971
What are the prime factors of 37090747?
373, 99439
List the prime factors of 62265505.
5, 43, 289607
What are the prime factors of 79433860?
2, 5, 11, 17, 67, 317
List the prime factors of 123973863.
3, 13, 83, 38299
What are the prime factors of 56845583?
56845583
What are the prime factors of 136704792?
2, 3, 7, 31, 26249
List the prime factors of 55853450.
2, 5, 1117069
What are the prime factors of 1126095151?
79, 14254369
What are the prime factors of 410654275?
5, 47, 349493
What are the prime factors of 765095625?
3, 5, 7, 17, 127
List the prime factors of 155277863.
13, 37, 53, 6091
What are the prime factors of 950132596?
2, 7, 701, 48407
What are the prime factors of 47878009?
47878009
What are the prime factors of 638809986?
2, 3, 17, 1181, 5303
List the prime factors of 81784585.
5, 251, 65167
List the prime factors of 41739423.
3, 11, 31, 40801
List the prime factors of 1916550523.
127, 15090949
List the prime factors of 1482325520.
2, 5, 13, 311, 4583
What are the prime factors of 8269352?
2, 7, 13, 37, 307
What are the prime factors of 22446485?
5, 4489297
What are the prime factors of 32672146?
2, 13, 1256621
What are the prime factors of 7459450593?
3, 7, 457, 777269
List the prime factors of 1708546491.
3, 47, 4039117
List the prime factors of 1738469774.
2, 869234887
What are the prime factors of 341009416?
2, 11, 19, 203953
What are the prime factors of 153327091?
163, 181, 5197
What are the prime factors of 178726566?
2, 3, 163, 182747
List the prime factors of 549591558.
2, 3, 91598593
List the prime factors of 2876085668.
2, 719021417
List the prime factors of 1326206203.
7, 283, 669463
What are the prime factors of 327978470?
2, 5, 32797847
What are the prime factors of 101067684?
2, 3, 8422307
List the prime factors of 31253556.
2, 3, 19, 137077
What are the prime factors of 40036254?
2, 3, 41, 162749
What are the prime factors of 92078326?
2, 139, 331217
List the prime factors of 4155041981.
4155041981
List the prime factors of 1285223415.
3, 5, 7, 12240223
List the prime factors of 520459001.
19, 59, 464281
List the prime factors of 275992758.
2, 3, 313, 5443
List the prime factors of 11087299.
61, 181759
List the prime factors of 253499152.
2, 31, 511087
List the prime factors of 694867110.
2, 3, 5, 7, 3308891
List the prime factors of 48372591.
3, 16124197
List the prime factors of 165326088.
2, 3, 17, 405211
List the prime factors of 229273808.
2, 14329613
What are the prime factors of 1581199480?
2, 5, 7, 29, 194729
List the prime factors of 5090963495.
5, 53, 19211183
What are the prime factors of 9628980?
2, 3, 5, 160483
What are the prime factors of 2209129926?
2, 3, 29, 71, 178819
List the prime factors of 2181452.
2, 7, 13, 461
What are the prime factors of 6055642491?
3, 383, 5270359
List the prime factors of 2060955385.
5, 43, 1877, 5107
What a